143 divide 8415236?
False
Is 1027870 a multiple of 19?
False
Does 72 divide 242098?
False
Is 144083 a multiple of 462?
False
Does 183 divide 118129?
False
Does 236 divide 125510?
False
Is 161 a factor of 157619?
True
Is 67 a factor of 1327943?
False
Does 7 divide 217350?
True
Is 4513152 a multiple of 96?
True
Is 102 a factor of 21871452?
True
Is 18 a factor of 336618?
True
Is 3724949 a multiple of 11?
False
Is 1238 a factor of 1439749?
False
Is 8 a factor of 386744?
True
Is 319102 a multiple of 606?
False
Does 10 divide 475221?
False
Does 36 divide 349097?
False
Is 28061 a multiple of 46?
False
Does 106 divide 183963?
False
Does 12 divide 473351?
False
Is 199807 a multiple of 14?
False
Is 663866 a multiple of 14?
True
Is 15 a factor of 2519775?
True
Is 426765 a multiple of 345?
True
Does 39 divide 52650?
True
Is 49 a factor of 178997?
True
Is 471048 a multiple of 114?
True
Is 102 a factor of 266935?
False
Is 375786 a multiple of 17?
False
Does 90 divide 30600?
True
Does 20 divide 6465680?
True
Is 297 a factor of 136646?
False
Is 12 a factor of 2629080?
True
Is 55183 a multiple of 7?
False
Is 125360 a multiple of 140?
False
Is 17 a factor of 228520?
False
Does 4 divide 11612?
True
Is 92 a factor of 355120?
True
Is 418306 a multiple of 109?
False
Is 7049 a multiple of 10?
False
Is 1187662 a multiple of 49?
True
Is 6491482 a multiple of 10?
False
Is 243396 a multiple of 36?
True
Is 63914 a multiple of 11?
False
Does 4 divide 1525104?
True
Does 17 divide 7384820?
False
Is 105210 a multiple of 210?
True
Is 70 a factor of 508830?
True
Is 214 a factor of 1151035?
False
Does 55 divide 19030?
True
Is 1383286 a multiple of 31?
False
Is 2774175 a multiple of 141?
True
Does 15 divide 133877?
False
Is 1507927 a multiple of 89?
True
Does 2 divide 33379?
False
Is 6537700 a multiple of 940?
True
Is 250 a factor of 183750?
True
Is 8 a factor of 3123951?
False
Does 663 divide 18070980?
False
Is 950093 a multiple of 9?
False
Is 2321337 a multiple of 8?
False
Is 4 a factor of 41838?
False
Does 31 divide 1241310?
False
Does 477 divide 214964?
False
Is 844110 a multiple of 23?
False
Does 12 divide 649147?
False
Is 10 a factor of 74145?
False
Does 44 divide 3073136?
True
Is 70172 a multiple of 212?
True
Is 38 a factor of 51253?
False
Does 8 divide 3691040?
True
Does 115 divide 109947?
False
Is 4940 a multiple of 2?
True
Is 241 a factor of 618406?
True
Is 306 a factor of 420721?
False
Is 150755 a multiple of 55?
True
Is 140826 a multiple of 7?
True
Is 26817647 a multiple of 40?
False
Is 4279205 a multiple of 17?
False
Is 39 a factor of 53515?
False
Does 402 divide 178890?
True
Does 5 divide 92278?
False
Is 1073040 a multiple of 408?
True
Is 1179794 a multiple of 51?
False
Does 56 divide 45328?
False
Is 381840 a multiple of 740?
True
Is 3 a factor of 60135?
True
Does 161 divide 1252027?
False
Is 21 a factor of 594699?
True
Is 50 a factor of 51500?
True
Is 172 a factor of 26488?
True
Is 16141 a multiple of 60?
False
Is 7413576 a multiple of 24?
True
Does 5 divide 367654?
False
Is 14057600 a multiple of 10?
True
Does 1092 divide 9007857?
False
Does 1506 divide 10261040?
False
Does 31 divide 1587975?
True
Is 12 a factor of 225612?
True
Is 280089 a multiple of 46?
False
Does 81 divide 1351161?
True
Does 10 divide 9458090?
True
Is 23 a factor of 158930?
True
Is 67 a factor of 948016?
False
Does 67 divide 604206?
True
Does 15 divide 1625364?
False
Is 22 a factor of 81126?
False
Is 86 a factor of 3724899?
False
Is 19808415 a multiple of 135?
True
Does 5 divide 1529466?
False
Is 52705 a multiple of 83?
True
Is 209019 a multiple of 19?
True
Is 61330 a multiple of 11?
False
Is 5349857 a multiple of 45?
False
Does 807 divide 29040702?
True
Is 56463 a multiple of 177?
True
Does 22 divide 13838?
True
Does 474 divide 1091213?
False
Is 17 a factor of 25806?
True
Does 33 divide 56595?
True
Is 6352278 a multiple of 46?
True
Does 5 divide 30346?
False
Does 19 divide 67165?
True
Is 39 a factor of 1416627?
False
Is 196600 a multiple of 200?
True
Is 3449453 a multiple of 245?
False
Is 365025 a multiple of 157?
True
Is 29 a factor of 11019478?
True
Does 7 divide 2642978?
False
Is 29 a factor of 187328?
False
Is 7820295 a multiple of 165?
False
Is 744115 a multiple of 5?
True
Does 86 divide 847186?
True
Does 13 divide 252118?
False
Is 6 a factor of 352749?
False
Is 211620 a multiple of 60?
True
Is 13 a factor of 795553?
False
Is 53 a factor of 2747255?
True
Is 748 a factor of 1345799?
False
Does 116 divide 39440?
True
Does 6 divide 691062?
True
Is 71240 a multiple of 40?
True
Is 54 a factor of 956985?
False
Is 26707173 a multiple of 34?
False
Does 7 divide 566221?
False
Is 38 a factor of 657701?
False
Is 208754 a multiple of 7?
True
Is 5396701 a multiple of 20?
False
Is 9 a factor of 194178?
False
Does 46 divide 180530?
False
Is 49 a factor of 119789?
False
Is 87988 a multiple of 18?
False
Is 56 a factor of 1128064?
True
Is 13 a factor of 442?
True
Does 77 divide 1354147?
False
Does 194 divide 669791?
False
Is 179928 a multiple of 294?
True
Is 267256 even?
True
Is 479750 a multiple of 309?
False
Is 5 a factor of 65800?
True
Does 124 divide 917699?
False
Is 170 a factor of 201781?
False
Is 2310010 a multiple of 10?
True
Does 3 divide 273361?
False
Does 36 divide 73296?
True
Is 203 a factor of 595196?
True
Is 369 a factor of 170656?
False
Does 3 divide 232847?
False
Does 42 divide 22344?
True
Is 1185658 a multiple of 89?
True
Is 12 a factor of 85795?
False
Is 10 a factor of 211767?
False
Does 490 divide 235415?
False
Does 248 divide 4275768?
True
Is 137 a factor of 111602?
False
Is 457711 a multiple of 49?
False
Is 9 a factor of 23931?
True
Is 17 a factor of 90151?
True
Is 243 a factor of 2270835?
True
Is 11 a factor of 34430?
True
Is 34 a factor of 202885?
False
Is 5693213 a multiple of 14?
False
Is 229673 a multiple of 19?
False
Is 199 a factor of 195817?
False
Is 119 a factor of 33082?
True
Is 100296 a multiple of 398?
True
Is 1178 a multiple of 14?
False
Is 434850 a multiple of 39?
True
Is 56 a factor of 27371?
False
Does 872 divide 176144?
True
Does 6 divide 487590?
True
Does 8 divide 30571248?
True
Is 16 a factor of 15439153?
False
Is 187 a factor of 2451383?
True
Is 73408 a multiple of 32?
True
Does 67 divide 1916083?
False
Does 21 divide 46137?
True
Is 5006974 a multiple of 707?
True
Is 432238 a multiple of 471?
False
Is 2527140 a multiple of 462?
True
Is 273 a factor of 479661?
True
Is 496740 a multiple of 68?
True
Does 22 divide 403900?
False
Is 463962 a multiple of 159?
True
Is 20 a factor of 9435180?
True
Does 299 divide 1165502?
True
Is 39 a factor of 451059?
False
Is 185490 a multiple of 20?
False
Does 342 divide 156636?
True
Is 15 a factor of 18037380?
True
Does 190 divide 19758270?
False
Is 21 a factor of 326592?
True
Is 318 a factor of 152322?
True
Is 369 a factor of 67765?
False
Is 251 a factor of 12315779?
False
Does 21 divide 760599?
True
Does 5 divide 4579123?
False
Does 806 divide 667123?
False
Does 55 divide 3453890?
True
Is 14 a factor of 153230?
True
Is 538 a factor of 67966?
False
Does 158 divide 254222?
True
Is 235287 a multiple of 117?
True
Does 344 divide 100448?
True
Is 75 a factor of 373805?
False
Is 10 a factor of 247666?
False
Does 79 divide 7725898?
False
Is 2232970 a multiple of 54?
False
Does 8 divide 829160?
True
Is 56002 a multiple of 24?
False
Is 976139 a multiple of 124?
False
Is 596489 a multiple of 2?
False
Is 268 a factor of 5578840?
False
Is 1288404 a multiple of 468?
True
Is 35 a factor of 8726?
False
Is 86127 a multiple of 57?
True
Does 243 divide 411642?
True
Does 89 divide 3378649?
False
Does 30 divide 2271299?
False
Is 16 a factor of 213888?
True
Does 61 divide 71004?
True
Does 11 divide 15301?
True
Is 78 a factor of 6630546?
True
Is 8 a factor of 2696643?
False
Does 15 divide 124381?
False
Is 3 a factor of 36709?
False
Does 221 divide 666887?
False
Is 11 a factor of 465644?
False
Is 5573580 a multiple of 20?
True
Is 72101 a multiple of 8?
False
Does 43 divide 655568?
False
Does 10 divide 3440?
True
Is 738 a multiple of 45?
False
Does 190 divide 1387750?
False
Does 4 divide 45027?
False
Is 121704 a multiple of 212?
False
Is 1201743 a multiple of 45?
False
Does 95 divide 2443907?
False
Is 56653 a multiple of 171?
False
Is 29665 a multiple o